{"id":1861,"date":"2025-05-24T12:47:56","date_gmt":"2025-05-24T10:47:56","guid":{"rendered":"https:\/\/estuprofe.com\/juegos\/?page_id=1861"},"modified":"2025-05-24T13:21:09","modified_gmt":"2025-05-24T11:21:09","slug":"etwinning","status":"publish","type":"page","link":"https:\/\/estuprofe.com\/juegos\/etwinning\/","title":{"rendered":"eTwinning"},"content":{"rendered":"\n<p>Aqu\u00ed incluir\u00e9 mis proyectos eTwinning y las experiencias erasmus+.<\/p>\n\n\n\n<p>Aqu\u00ed puedes consultar mi portfolio eTwinning pinchando en el apartado \u00abprojects\u00bb:<\/p>\n\n\n\n<p><a href=\"https:\/\/school-education.ec.europa.eu\/en\/connect\/people\/391488\">https:\/\/school-education.ec.europa.eu\/en\/connect\/people\/391488<\/a><\/p>\n\n\n\n<p>Y estos son mis \u00faltimos proyectos:<\/p>\n\n\n\n<p><a href=\"https:\/\/school-education.ec.europa.eu\/en\/etwinning\/projects\/geometric-dance-project\/twinspace\">https:\/\/school-education.ec.europa.eu\/en\/etwinning\/projects\/geometric-dance-project\/twinspace<\/a><\/p>\n\n\n\n<p><a href=\"https:\/\/school-education.ec.europa.eu\/en\/etwinning\/projects\/become-tourist-guides-our-territory\/twinspace\">https:\/\/school-education.ec.europa.eu\/en\/etwinning\/projects\/become-tourist-guides-our-territory\/twinspace<\/a><\/p>\n\n\n\n<p><a href=\"https:\/\/school-education.ec.europa.eu\/en\/etwinning\/projects\/un-mundo-por-recuperar\/twinspace\">https:\/\/school-education.ec.europa.eu\/en\/etwinning\/projects\/un-mundo-por-recuperar\/twinspace<\/a><\/p>\n\n\n\n<p><a href=\"https:\/\/school-education.ec.europa.eu\/en\/etwinning\/projects\/rethink-future-sustainable-thinking\">https:\/\/school-education.ec.europa.eu\/en\/etwinning\/projects\/rethink-future-sustainable-thinking<\/a><\/p>\n\n\n\n<p>Aqu\u00ed puedes consultar todas las entradas con la etiqueta eTwinning que he realizado en este blog:<\/p>\n\n\n\n<p><a href=\"https:\/\/estuprofe.com\/juegos\/category\/innova\/etwinning\">https:\/\/estuprofe.com\/juegos\/category\/innova\/etwinning<\/a><\/p>\n\n\n\n<p><\/p>\n","protected":false},"excerpt":{"rendered":"<a href=\"https:\/\/estuprofe.com\/juegos\/etwinning\/\" rel=\"bookmark\" title=\"Enlace permanente a eTwinning\"><p>Aqu\u00ed incluir\u00e9 mis proyectos eTwinning y las experiencias erasmus+. Aqu\u00ed puedes consultar mi portfolio eTwinning pinchando en el apartado \u00abprojects\u00bb: https:\/\/school-education.ec.europa.eu\/en\/connect\/people\/391488 Y estos son mis \u00faltimos proyectos: https:\/\/school-education.ec.europa.eu\/en\/etwinning\/projects\/geometric-dance-project\/twinspace https:\/\/school-education.ec.europa.eu\/en\/etwinning\/projects\/become-tourist-guides-our-territory\/twinspace https:\/\/school-education.ec.europa.eu\/en\/etwinning\/projects\/un-mundo-por-recuperar\/twinspace https:\/\/school-education.ec.europa.eu\/en\/etwinning\/projects\/rethink-future-sustainable-thinking Aqu\u00ed puedes consultar todas las entradas con la etiqueta eTwinning que he realizado en este blog: https:\/\/estuprofe.com\/juegos\/category\/innova\/etwinning<\/p>\n<\/a>","protected":false},"author":1,"featured_media":0,"parent":0,"menu_order":0,"comment_status":"closed","ping_status":"closed","template":"","meta":{"ngg_post_thumbnail":0,"footnotes":""},"class_list":["post-1861","page","type-page","status-publish","h-entry","hentry"],"_links":{"self":[{"href":"https:\/\/estuprofe.com\/juegos\/wp-json\/wp\/v2\/pages\/1861","targetHints":{"allow":["GET"]}}],"collection":[{"href":"https:\/\/estuprofe.com\/juegos\/wp-json\/wp\/v2\/pages"}],"about":[{"href":"https:\/\/estuprofe.com\/juegos\/wp-json\/wp\/v2\/types\/page"}],"author":[{"embeddable":true,"href":"https:\/\/estuprofe.com\/juegos\/wp-json\/wp\/v2\/users\/1"}],"replies":[{"embeddable":true,"href":"https:\/\/estuprofe.com\/juegos\/wp-json\/wp\/v2\/comments?post=1861"}],"version-history":[{"count":8,"href":"https:\/\/estuprofe.com\/juegos\/wp-json\/wp\/v2\/pages\/1861\/revisions"}],"predecessor-version":[{"id":1878,"href":"https:\/\/estuprofe.com\/juegos\/wp-json\/wp\/v2\/pages\/1861\/revisions\/1878"}],"wp:attachment":[{"href":"https:\/\/estuprofe.com\/juegos\/wp-json\/wp\/v2\/media?parent=1861"}],"curies":[{"name":"wp","href":"https:\/\/api.w.org\/{rel}","templated":true}]}}